{"id":152,"date":"2013-05-03T14:53:23","date_gmt":"2013-05-03T12:53:23","guid":{"rendered":"http:\/\/praxis-isenmann.ch\/?page_id=152"},"modified":"2023-09-19T21:04:38","modified_gmt":"2023-09-19T19:04:38","slug":"massage-angebote","status":"publish","type":"page","link":"https:\/\/www.praxis-isenmann.ch\/wordpress\/?page_id=152","title":{"rendered":"Meine Massage Angebote"},"content":{"rendered":"<h2><span style=\"color: #008080;\">Klassische Massage<\/span><\/h2>\n<p>Die klassische Massage basiert auf Streichungen, Knetung, kreisenden Bewegungen und Vibrationen. Sie dient dazu Verspannungen und Verh\u00e4rtungen der Muskulatur zu l\u00f6sen und die allgemeine Durchblutung zu verbessern. Die klassische Massage hilft dabei die Seele baumeln zu lassen und einen Moment nur bei sich zu sein. Die positive Wirkung auf unsere Psyche und unser Wohlbefinden zeigt sich oft schon w\u00e4hrend oder kurz nach der Behandlung. Diese Behandlung kann positiv auf folgende Beschwerden wirken:<\/p>\n<ul>\n<li>Kopfschmerzen und Migr\u00e4ne<\/li>\n<li>Nackenverspannungen<\/li>\n<li>R\u00fccken- und oder Kreuzschmerzen<\/li>\n<li>Innere Unruhe oder Stress<\/li>\n<\/ul>\n<h2><span style=\"color: #008080;\"><strong>Medizinische Massage<\/strong><\/span><\/h2>\n<p>Die medizinische Massage dient zur mechanischen Beeinflussung von Haut, Bindegewebe und Muskulatur durch Dehnungs-, Zug- und Druckreiz. Die Wirkung der Massage erstreckt sich von der behandelten Stelle des K\u00f6rpers \u00fcber den gesamten Organismus und schliesst auch die Psyche mit ein. Diese Behandlung ist auf schmerzhafte Beschwerden ausgerichtet oder auf Wirbels\u00e4ulenproblematiken. Sie wird mit Spezialgriffen individuell ihren Bed\u00fcrfnissen angepasst. Dieser Massagetechnik greift spezifisch an der schmerzhaften Stelle oder deren Ursprung an und hat das Ziel sie zu beheben.<\/p>\n<h2><span style=\"color: #008080;\"><strong>Lymphdrainage nach Prof. Dr. M. F\u00f6ldi<\/strong><\/span><\/h2>\n<p>Das Lymphsystem ist eines der wichtigsten Transportsystem des K\u00f6rpers. Die manuelle Lymphdrainage ist eine Massagetechnik zur Behandlung von Lymph\u00f6demen. Ein \u00d6dem ist eine Schwellung im Gewebe, welche nicht abfliessen kann. Ein Beispiel sind stark angeschwollene Beine, was \u00f6fters bei Frauen auftritt. Mit der Behandlung wird der Transport von Lymphfl\u00fcssigkeit und damit der Abbau von Lymph\u00f6demen unterst\u00fctzt. Eine Lymphdrainage kann nach Unf\u00e4llen oder Operationen notwendig werden.<\/p>\n<h2><span style=\"color: #008080;\"><strong>Bindegewebsmassage<\/strong><\/span><\/h2>\n<p>Die Bindegewebsmassage ist eine Form der Reflexzonenmassage, bei der vor allem das Bindegewebe behandelt wird. Es handelt sich um eine manuelle Reiztherapie, die mit Zugreizen am Bindegewebe ansetzt. Es werden hierbei Haut-, Unterhaut und Faszientechnik zur Behandlung der Bindegewebszonen eingesetzt. \u00dcber den Reflexbogen wird dabei eine nerv\u00f6s-reflektorische Reaktion auf innere Organe, den Bewegungsapparat und die Haut ausgel\u00f6st.<\/p>\n\n\n<p><\/p>\n","protected":false},"excerpt":{"rendered":"<p>Klassische Massage Die klassische Massage basiert auf Streichungen, Knetung, kreisenden Bewegungen und Vibrationen. Sie dient dazu Verspannungen und Verh\u00e4rtungen der Muskulatur zu l\u00f6sen und die allgemeine Durchblutung zu verbessern. Die klassische Massage hilft dabei die Seele baumeln zu lassen und einen Moment nur bei sich zu sein. Die positive Wirkung auf unsere Psyche und unser [&hellip;]<\/p>\n","protected":false},"author":1,"featured_media":0,"parent":0,"menu_order":3,"comment_status":"closed","ping_status":"closed","template":"","meta":{"_mi_skip_tracking":false,"_monsterinsights_sitenote_active":false,"_monsterinsights_sitenote_note":"","_monsterinsights_sitenote_category":0,"footnotes":""},"aioseo_notices":[],"_links":{"self":[{"href":"https:\/\/www.praxis-isenmann.ch\/wordpress\/index.php?rest_route=\/wp\/v2\/pages\/152"}],"collection":[{"href":"https:\/\/www.praxis-isenmann.ch\/wordpress\/index.php?rest_route=\/wp\/v2\/pages"}],"about":[{"href":"https:\/\/www.praxis-isenmann.ch\/wordpress\/index.php?rest_route=\/wp\/v2\/types\/page"}],"author":[{"embeddable":true,"href":"https:\/\/www.praxis-isenmann.ch\/wordpress\/index.php?rest_route=\/wp\/v2\/users\/1"}],"replies":[{"embeddable":true,"href":"https:\/\/www.praxis-isenmann.ch\/wordpress\/index.php?rest_route=%2Fwp%2Fv2%2Fcomments&post=152"}],"version-history":[{"count":32,"href":"https:\/\/www.praxis-isenmann.ch\/wordpress\/index.php?rest_route=\/wp\/v2\/pages\/152\/revisions"}],"predecessor-version":[{"id":644,"href":"https:\/\/www.praxis-isenmann.ch\/wordpress\/index.php?rest_route=\/wp\/v2\/pages\/152\/revisions\/644"}],"wp:attachment":[{"href":"https:\/\/www.praxis-isenmann.ch\/wordpress\/index.php?rest_route=%2Fwp%2Fv2%2Fmedia&parent=152"}],"curies":[{"name":"wp","href":"https:\/\/api.w.org\/{rel}","templated":true}]}}